8))/(27/(-360))?
2
Suppose 16*a - 3254 - 2666 = 0. Suppose 5*y - 365 - a = 0. What is the tens digit of y?
4
Let t be -290 + -1 + (-4 - 1). Let j = 465 + t. What is the tens digit of j?
6
Suppose -3*x + 104 = 23. Let a = -23 + x. Suppose 0 = f - a - 4. What is the units digit of f?
8
Suppose -282*p = 3408767 - 13389029. What is the hundreds digit of p?
3
What is the hundreds digit of (1*(1 + 0))/(-20 - (-2518063)/125902)?
4
Suppose -z + 0*z + 11986 = -5*h, 0 = -h + z - 2398. Let b = 3639 + h. What is the thousands digit of b?
1
Let z = 440 + 1399. What is the units digit of z?
9
Suppose -58*y + 64*y + 5592 = 0. Let j = y + 1908. What is the hundreds digit of j?
9
Suppose 0 = -114*q + 119*q. Let a(z) = -3*z**2 + z + 262. What is the tens digit of a(q)?
6
Let r(m) = m**3 + 148*m**2 + 108*m + 1938. What is the hundreds digit of r(-146)?
8
Suppose 0 = -5*l - z - 603, 5*z + 114 = -2*l - 141. What is the units digit of 3085*(-8)/l*3?
7
Let k(v) = -2*v**2 - 3*v - 10. Let f be k(-2). Suppose 5*s = 4 + 1. What is the units digit of s/(-4) - 1563/f?
0
Let v = -367 + 374. Suppose 1920 = 5*d + v*d. What is the tens digit of d?
6
Suppose -238*a - 1622656 = -294*a. What is the thousands digit of a?
8
Let u = -7561 - -4967. Let v = u - -4155. What is the units digit of v?
1
Suppose 9*p = 4*p - 165. Let s be (-45)/55 + 6/p. What is the units digit of 14/((-22)/(-4) + -4 + s)?
8
Suppose 51*r - 476466 + 111008 = 136484. What is the hundreds digit of r?
8
What is the thousands digit of 1/7 - (-13 - 1895913/161)?
1
Suppose 2*z - 12 = -3*k, z = 5*k - 6 - 14. Suppose -25 = -2*s - v, -2*s + 11 = -v - k. Let p = 180 - s. What is the hundreds digit of p?
1
Suppose 0 = -121*x + 134*x - 152399. What is the units digit of x?
3
Let v(i) = i**3 + 2*i**2. Let s be v(-2). Suppose -6*c + 12*c - 852 = s. What is the hundreds digit of c?
1
Suppose -4*g + 25025 = -60705 + 10110. What is the hundreds digit of g?
9
Let n(i) = -88*i - 65. Suppose 4 = 7*t - 9*t - 4*k, 0 = t + k + 3. What is the hundreds digit of n(t)?
2
Let a = -116 + 257. Suppose r - 159 - a = 0. What is the units digit of r?
0
Suppose -2*c + x + 1113 - 12 = 0, -5*c = 4*x - 2746. Let q = c - 216. What is the tens digit of q?
3
Let c be (-710)/(-6) + (3 + 5)/(-24). Let f = 118 - c. Suppose y = -4*h - 2, -55 = -4*y - f*y + 5*h. What is the tens digit of y?
1
Let c(n) = -n**3 + 12*n**2 + 11*n + 27. Let g be c(13). Suppose g - 7 = -f. What is the units digit of (-2)/4 - (1 - 447/f)?
3
What is the units digit of 1731 + 6 + -2 + -10?
5
Let y = -8390 + 4732. Let b = -1606 - y. What is the units digit of b?
2
Let t = 12661 + -3107. What is the hundreds digit of t?
5
Let c(m) = 11164*m**2 + 118*m + 264. What is the hundreds digit of c(-2)?
6
Let s be (-4)/(22/(-77) - (-1)/28). Let y be (s*(-3)/(-6))/(-2). Let n(t) = -15*t - 22. What is the units digit of n(y)?
8
Suppose 4*y + 16 = 2*x - x, 0 = -3*x + 4*y + 40. Suppose -18*m = -x*m - 84. Suppose 0 = -2*i - m + 148. What is the units digit of i?
7
Let n = -16 - -28. Suppose -840 = -n*l + 10*l. Suppose -7*h - d = -2*h - l, -5*h - 5*d = -400. What is the tens digit of h?
8
Let t(s) = 617*s - 1500. What is the thousands digit of t(15)?
7
Suppose 0 = 5*p - 5, -p + 4*p = -3*t + 51. Suppose -t*s = -27*s + 3410. What is the tens digit of s?
1
Let d = 331 - -26. Suppose 356*l - d*l = -712. What is the hundreds digit of l?
7
What is the units digit of -5*(12 + (-71544)/40)?
3
Suppose 183 = 3*y - 4*z, 4*y + z + 59 = 303. Suppose y*a - 18308 = 65079. What is the tens digit of a?
6
Suppose 0 = -145*r + 148*r - 159276. Suppose 0 = 40*s + 12*s - r. What is the tens digit of s?
2
Suppose -4*o = -2*d - 1050, 5*o + 2*d = -3*d + 1335. Suppose -2*j - 10 = 0, 3*j - 367 = -c + o. What is the units digit of c?
6
Let v = -54 + 61. Suppose -4 = 5*q - v*q. Suppose 0 = -6*b + q*b + 140. What is the tens digit of b?
3
Let p = 66 - 63. What is the thousands digit of 4076/p - 72/(-54)?
1
Suppose 37 = -3*u + 157. Suppose 0 = -0*p + 2*p - u. What is the tens digit of 40/(-30) + p/6 + 82?
8
Let j be ((-22)/(-66))/(2/(-5538)). Let w = 1602 + j. What is the units digit of w?
9
Let y = -264 - -291. Suppose -1845 = 12*l - y*l. What is the tens digit of l?
2
Let c be (-16 - -13)*(0 - 1). Let b(f) = 29 - 5*f**3 + 11*f**c - 14*f**2 - 9*f - 5*f**3 - 4*f. What is the units digit of b(15)?
9
Let v = 28083 + 9754. What is the thousands digit of v?
7
What is the thousands digit of (2784/80 - -14)*1*245?
1
Let v(q) = -78*q**3 - 8*q + 3*q + 16 + 82*q**3 + 10*q**2. Let s(x) = 5*x**3 + 11*x**2 - 5*x + 17. Let k(z) = 5*s(z) - 6*v(z). What is the units digit of k(5)?
4
Let t(j) = 2*j**2 + 19*j + 7. Let r be t(-11). Suppose -r*c + 8354 = -21366. What is the units digit of c?
3
Let w = 75 + -65. Let s be (-4)/w + 44/10. Suppose q = -q - 4*d + 296, -156 = -q - s*d. What is the units digit of q?
0
Let n = -227 + 227. Suppose 3*j - 790 - 326 = n. What is the hundreds digit of j?
3
Let q be (135/(-4))/(18/48). Let b = q + 102. What is the hundreds digit of b/(-54) - (1100/(-9) - -1)?
1
Suppose -7*p + 1512 = -0*p. Suppose -5*g - f = -360, -2*f = -3*g - 4*f + p. What is the units digit of (g/2 - -4) + 4?
4
Let o = -6430 - -7147. What is the units digit of o?
7
Let p = 9 - 9. Suppose p = 6*c - 3*c - 69. Suppose -3*x + 226 + c = 0. What is the units digit of x?
3
Suppose 3*b + 9 = 0, 0*o + o + 2*b + 2 = 0. Suppose -o - 4 = 4*p. What is the units digit of (-298)/(-4) - 1/p?
5
Let t(l) = -l**3 + l**2 - l. Let v(x) = 3*x**3 + 17*x**2 + 7*x + 97. Let s(g) = -2*t(g) - v(g). What is the units digit of s(-20)?
3
What is the units digit of 56/(-84)*532119/(-14)?
9
Suppose -2*m + 3*q + 15 = 0, 4*m + 3*q - 30 = m. Let s = 110 + m. What is the tens digit of s?
1
Let i(o) be the second derivative of -12*o**5/5 + o**4/12 + o**3/3 + o**2 - 9*o. Let r be i(-1). Let m = r + 10. What is the tens digit of m?
5
Let t(f) = f**2 + 3*f + 5. Let p be t(-5). Let o be 142*(-5)/p*(-9)/2. Suppose 36 = 5*d + 3*v - o, 4*d + v = 195. What is the tens digit of d?
4
Let g(d) = -d**3 - 5*d**2 - 18. Suppose k - 2*k - 4*t = 6, 5*t + 33 = 3*k. Let p be 10 - 15 - -4*(-3)/k. What is the tens digit of g(p)?
8
Suppose -n - 17 + 14 = f, -f = -3*n + 3. Let t be 5*(2 - (-42)/(-15)). What is the tens digit of t - (4 + n + -47)?
3
What is the tens digit of -14*((-324)/(-24))/27 - (1 - 59)?
5
Suppose x - 6*x + 20 = 0. Suppose -3*v = -0*v + 4*k - 7, x*v - 2*k + 20 = 0. What is the tens digit of (-1)/((-5)/(67 - v))?
1
Let f(v) = 3*v**2 + v. Let h be f(2). Let k = 17 - h. Suppose -28 - 44 = -k*q. What is the tens digit of q?
2
Suppose 4*g + 0*g = 120. Let l = 36 - g. Suppose -l*h = 7 - 19. What is the units digit of h?
2
Suppose -26*j + 5 = -25*j. Suppose -v = -j*h + 1132, 0*h - h + 236 = -5*v. Suppose r + h = 4*f, 0*f - 4*f - r = -230. What is the units digit of f?
7
Suppose 0 = -10*z + 4518 + 1282. Suppose -2*a - 2*t = -z, -a - 296 = -2*a + t. What is the tens digit of a?
9
Let u be (1 + (-2)/5)*(17 - 7). Let x be 21/u - (-35)/(-14). What is the units digit of 175 + 0/((-1)/x)?
5
Let m = 5742 + -1692. What is the hundreds digit of m?
0
Suppose 58*g - 61607 = -33*g. What is the tens digit of g?
7
What is the hundreds digit of 3/((-39)/(-27794)) + 4?
1
Let u = 458 - 455. Suppose 107 - 287 = -u*g. What is the units digit of g?
0
Let v be 31/5 + 1/(-5). Let p(q) = 83*q**2 - 8*q - 1. Let r(g) = 235*g**2 - 23*g - 4. Let n(m) = 17*p(m) - 6*r(m). What is the tens digit of n(v)?
5
Let r be 21366/27*3/2. Suppose -3*q = 4*y + y - r, -y = 4*q - 1560. What is the hundreds digit of q?
3
Let r be (-512)/(-14) + (-54)/(-126). Let g = r + -35. Suppose -g*u + 260 = s, -3*s - 381 = -3*u - 0*s. What is the units digit of u?
9
Suppose -6*d + 2*m - 10 = -3*d, 4*d + 4 = -2*m. Let q(v) = 156*v**2 - 7*v - 5. What is the units digit of q(d)?
3
Let u be (1 - 2)*-1 + 12 + -17. Let o be (-3)/15 - 1572/(-10). Let c = o - u. What is the hundreds digit of c?
1
Suppose 0 = 3*o - 295 + 2572. Let c = o + 444. Let w = -191 - c. What is the units digit of w?
4
Let x be 6*(-3 - 28/(-8)). Suppose 2*b = -4*y + 12, -5*y + 5*b + 17 = 7*b. Suppose -4*o - 129 = -5*t - 986, y*o - 1081 = x*t. What is the tens digit of o?
1
Let b(o) = -39*o**2 + 4*o. Let f = -9 + 2. Let l(q) = -116*q**2 + 12*q + 1. Let m(u) = f*b(u) + 2*